t h = j - 4. Let u(b) be the third derivative of -b**4/12 - b**3/3 + b**2. Determine u(h).
4
Let p = -3 + -5. Let x(i) = -2*i - 3. Let o(j) = j + 2. Let r(f) = p*o(f) - 5*x(f). What is r(-1)?
-3
Let l(d) = 3*d + 1. Let i(r) = 1. Let q(u) = -3*i(u) + l(u). What is q(5)?
13
Let v(m) = 2*m + 1. Suppose -2*u = 4 - 12. Suppose 0 = -l - 3*l + u. Determine v(l).
3
Let i(o) = 7*o**2 + o - 1. Let q = -3 - -6. Suppose 2*s = z + 3, 3*z - 2*s - q = -4. Calculate i(z).
7
Let h be (-6)/12*8/(-2)*3. Let i(w) = -w - 8. Calculate i(h).
-14
Let h(r) = -3*r - 15. Let g(d) = -1. Let v(c) = 15*g(c) - h(c). Let b be (-1)/3*(-11 + 2). Determine v(b).
9
Let q(r) = -r**3 - 7*r**2 - 5*r - 3. Let c be (-2)/(-5)*60/(-4). What is q(c)?
-9
Let g = -3 - -5. Suppose 7 = -g*c - 1. Let w(n) = 4*n + 1. Calculate w(c).
-15
Let v(r) = -r**2 + r - 3. Let n be 15 - 1/(-4)*0. Suppose h + 2*u + 6 = 0, 3*u + 2*u + n = 3*h. What is v(h)?
-3
Let m(t) = -t**2 - 2*t + 2. Let h be 16/(-6)*(-9)/(-6). Determine m(h).
-6
Let x(v) = 3*v**2 + 12*v - 21. Let d(m) = m**2 + 6*m - 10. Let i(s) = 5*d(s) - 2*x(s). Give i(7).
-15
Let t = -1 + -4. Let s(d) = d**2 + 5*d + 2. Determine s(t).
2
Suppose -4*p + 3*p = 0. Let t = -2 - p. Let j(k) = -k + 1. What is j(t)?
3
Let c(y) = 2*y**3 + 3*y**2 + y + 1. Suppose 2 = -7*v + 6*v. What is c(v)?
-5
Let y(s) be the second derivative of s**6/360 - s**5/24 + s**4/6 + s**3/3 - 2*s. Let q(z) be the second derivative of y(z). Determine q(4).
0
Let j(q) = 3*q**2 + 6*q + 2*q**2 - q**3 - 10*q. Calculate j(3).
6
Suppose -4*q - 15 = 5*c, -4*c + 5*q = 18 - 6. Let d(v) = -v**3 + 3*v**2 - 2*v + 2. Let j be d(2). Let w(y) = y - 4 + 2*y - j*y. Calculate w(c).
-7
Let p(y) = y - 2. Let f(i) = -i**3 + 8*i**2 + 6. Let r be f(8). Let v(d) = d**2 - 5*d - 3. Let k be v(r). Determine p(k).
1
Let r(v) = -v**3 - 5*v**2 - 2*v - 9. Let l(j) = 2*j**3 + 10*j**2 + 4*j + 17. Let k(f) = -3*l(f) - 5*r(f). Give k(-5).
4
Let l = 9 - 5. Suppose -l*q + j = -5, -j + 4*j = -2*q - 1. Let t(a) = a**2 - 1. Give t(q).
0
Suppose 2*g - 1 - 5 = 0. Let h(z) = -z**3 + 3*z**2 + 2*z - 4. What is h(g)?
2
Let y = 17 - 14. Let v(d) = 4*d - d - 2 + 1. What is v(y)?
8
Let x(y) = 6*y**2 + 1. Let t(p) = -11*p**2 - 2. Let s(n) = 3*t(n) + 5*x(n). Suppose -5*c + c = -4. Let m = 0 - c. What is s(m)?
-4
Suppose 0*u = u + 6. Let o(w) = -w**2 - 4*w - 3. Let n(f) = 4*f**2 + 15*f + 12. Let k(a) = -2*n(a) - 9*o(a). Determine k(u).
3
Let p(t) = -t**3 + 4*t**2 + 2*t + 4. Let j be 3*(-2 - 30/(-9)). Determine p(j).
12
Suppose 0 = 4*p - 5*k + 5, -p - p - k - 13 = 0. Let j(t) be the third derivative of t**6/120 + t**5/12 + t**2. Give j(p).
0
Let o(c) be the third derivative of c**4/3 - c**3/6 + c**2. Let r = -25 - -31. Let t(s) = s. Let l(n) = r*t(n) - o(n). Give l(-2).
5
Let n(i) = i + 6. Let b be n(-4). Let y(r) = -6 - r + 5*r - b*r - r. What is y(5)?
-1
Suppose 5 = -3*x + 3*i - 4, 22 = -4*x + 2*i. Let b(n) = n**2 + 11*n + 10. Determine b(x).
-14
Let b be ((-5)/3 - 2)*-3. Let r = 15 - b. Let t(n) = -4*n + 2 - n + r*n. What is t(2)?
0
Let d be (1/(-3))/((-4)/(-12)). Let k(c) = -4*c - 1. Calculate k(d).
3
Suppose -4*b = 4*m + 4 - 12, 4*m + 12 = b. Suppose 4*a = -0*a - b, h - 2*a = 5. Let g(v) = -h + 0 - v + 10. Give g(6).
1
Let w(d) = -4*d + 4*d + 6*d**2 + d**3 + 3*d - 4 + 1. Determine w(-5).
7
Let h(i) = i**2 - 4*i - 8. Suppose -5*k - 2*g = -0*g + 1, -2*k - 4*g = 10. Let a(t) = -t + k - t**2 + 2 + 4 + 5*t. Let u(p) = 5*a(p) + 4*h(p). Calculate u(5).
-2
Suppose 2*y = 4*y - 6. Suppose 3 = y*h - 6. Let q(u) = -4*u + 0*u + h*u + 2. Give q(3).
-1
Let c(a) = -13*a**2 + 27*a - 34. Let h(g) = -4*g**2 + 9*g - 11. Let n(s) = 2*c(s) - 7*h(s). Determine n(6).
27
Let c(p) = -p**3 - 6*p**2 - 2*p - 6. Let o be -1*1/((-3)/18). Let r = -12 + o. Calculate c(r).
6
Let a(b) be the first derivative of -b**4/4 + 1. Suppose -8*z - 49 = -57. What is a(z)?
-1
Suppose 2*t + 2*r + 2*r = 6, -5*t = 5*r + 5. Let s = t + 6. Let i(p) = -7*p + 2*p - 5*p + 1. Calculate i(s).
-9
Let v(m) = m**3 - 6*m**2 + 5*m + 5. Suppose -3*f = 8 - 23. Calculate v(f).
5
Let b(v) = 5*v - 7. Let w be (-6)/(-9) - ((-10)/3 - 1). What is b(w)?
18
Let n(r) be the third derivative of r**5/60 + r**4/8 - 2*r**3/3 + 5*r**2. Suppose 14 = -c + 2*q, 2*q = -c - 0*c + 2. Let g be 1/(-2) - (-21)/c. What is n(g)?
0
Suppose 3*r + 9 = -f, f = 3*f + 5*r + 15. Let w be 0/(-4) - (3 - 6). Let s(g) = 3*g**2 - 4*g**2 + 2*g**2 + w + 2. Give s(f).
5
Let m(k) = 6*k + 1. Let o(a) = 7*a - 1. Let q(u) = 6*m(u) - 5*o(u). Suppose -7*v + 3*v - 20 = 0. What is q(v)?
6
Let l(o) = o**2 + 7*o - 5. Let v = 12 - 8. Let w(x) = x. Let s(d) = v*w(d) - l(d). What is s(-4)?
1
Let t(h) = -h**3 + 2*h**2 + 3*h - 3. Let u = -1 - 2. Let j = 0 - u. Calculate t(j).
-3
Let t(h) be the second derivative of -h**5/20 - h**4/4 + 7*h**3/6 + 3*h**2 - 31*h + 1. Give t(-4).
-6
Let h be 1/7 + -2 + 978/504. Let x(n) be the third derivative of -h*n**4 + 0*n + n**3 + 0 + 4*n**2. What is x(5)?
-4
Let b(j) be the first derivative of j**3/6 + 3*j**2/2 + 3*j - 1. Let k(y) be the first derivative of b(y). Give k(4).
7
Let v(h) = -h - 8. Let n be (4/(-2))/((-4)/6). Suppose n*f = -f. What is v(f)?
-8
Let f = -13 - -20. Let y(j) = -5 + 6 + f*j**2 - 1 + 8*j - j**3. Give y(8).
0
Let s(w) = 0 + 0*w - 3 + w**3 - 6*w + 4*w**2. Suppose 5*z = -c - 22, -z + 3*c - 8 = 6. Determine s(z).
2
Let d(b) = b**2 - b - 1. Suppose -7*s - 10 = -2*s + 5*l, -4*s + 17 = -l. Let o be 3/s*2 + -3. Determine d(o).
1
Let x(a) be the third derivative of 0 - 1/24*a**4 - 3*a**2 + 0*a**3 + 0*a - 1/30*a**5. What is x(1)?
-3
Let x(v) be the second derivative of 0 - 1/20*v**5 - 2*v + 0*v**3 + 1/6*v**4 + v**2. Determine x(2).
2
Let f = 45 - 22. Suppose 3*n - f = 4*q, 2*n - 4*q = -3*q + 12. Suppose -n*y + 10 = 35. Let v(b) = b + 5. Determine v(y).
0
Let h = 2 + 0. Let p(s) = -5*s**h - s + 3*s**2 - s**2. Suppose 0 = 4*l - 2 + 6. What is p(l)?
-2
Suppose 0*m + m = -2. Let v(y) = y**3 + 2*y**2 + 1. Determine v(m).
1
Let m(x) = x**2 + 2*x - 1. Let j(q) = -q**2 - 3*q + 2. Let w be j(1). Give m(w).
-1
Suppose 3 = -3*r - 0. Let j(i) be the third derivative of i**7/315 - i**5/120 + i**4/4 + 6*i**2. Let k(a) be the second derivative of j(a). What is k(r)?
7
Suppose -2*d = 2 - 4. Let n = 5 - 5. Let k(m) = n + 2*m - d + 2 + 1. What is k(-5)?
-8
Let n(d) = 2*d. Let p be n(3). Let k(q) = q**3 - 6*q**2 + q - 5. Give k(p).
1
Let d be 1*5*(-4)/10. Let x(k) = 6*k**2 - 3*k + 1. Let s(o) = -o**2 + 9 + 0*o**2 + o - 9. Let q(i) = 5*s(i) + x(i). Determine q(d).
1
Let l be 4*(1 - 0)/2. Let c(r) = -2 + 2 - r**3 + 0 + 5*r**l - r. Calculate c(5).
-5
Suppose -8*b = -5*b - 18. Let p(l) = -4*l - 13. Let c(h) = -3*h - 9. Let u(z) = 7*c(z) - 5*p(z). Give u(b).
-4
Let y be ((-2)/4)/(2/8). Let r be y/7 + (-6)/(-21). Suppose -5*t = -r*t + 20. Let o(x) = x**2 + 4*x - 4. Calculate o(t).
-4
Let o = -1 - -1. Suppose l - 5*f + 10 = 0, 2*l - 5*l + 2*f + 9 = 0. Let r(a) = -2*a + 5*a - l - 1 - 4*a. Give r(o).
-6
Let h(m) = m + 6. Let j be h(-7). Let q = -1 - j. Let x(s) = 0*s + s**2 + s - 2*s**2 + 3. Calculate x(q).
3
Let h(u) = -20*u**2 - 9*u - 23. Let j(l) = -7*l**2 - 3*l - 8. Let y(i) = 4*h(i) - 11*j(i). Give y(-3).
-22
Let q(t) = -t - 1. Let x(r) be the second derivative of -r**4/12 - 9*r**2/2 + r. Let h(l) = -5*q(l) + x(l). What is h(3)?
2
Let i(d) = -d**3 - 9*d**2 - 7*d + 10. Let t be i(-8). Let r(s) = -7*s + 4*s + 4*s + t. Let h be 2/(-8) + 1/4. What is r(h)?
2
Let k(p) = p**2 - 3. Let j be (-3)/(9/33) - -2. Let z(d) = d + 9. Let m be z(j). What is k(m)?
-3
Let j(a) = a**2 + a**2 + a**3 + 4*a + 4*a**2 - 5*a**2 + 3. Let w(v) = -2*v**3 - 2*v**2 - 7*v - 5. Let s(x) = -5*j(x) - 3*w(x). What is s(0)?
0
Let d(h) be the second derivative of -h**5/60 - h**4/3 - 5*h**3/6 - h**2/2 + h. Let t(r) be the first derivative of d(r). Give t(-5).
10
Suppose -p = -4*p - 15. Let g(w) = w + 5. Let s be g(p). Let h(n) = -2 + n + 3*n**2 - 4*n**2 + 2*n**2. Give h(s).
-2
Suppose 4*r + 0 = 5*t + 4, -3*r + 3 = 5*t. Let a(x) be the third derivative of -x**6/24 + x**5/30 - x**4/12 + x**3/6 + 3*x**2. What is a(r)?
-4
Let a(s) be the second derivative of 1/10*s**5 - 1/2*s**2 + 0*s**3 - 4*s + 1/12*s**4 + 0. Calculate a(1).
2
Let p(x) = 3*x - 36. Suppose 5*q = -5*w - 15, 18 = -3*q + 4*w - 5. Let m(a) = 7*a - 2*a - 24 - 3*a. Let o(s) = q*p(s) + 7*m(s).